7/630 + n**6/720 + n**5/120 - n**4/4 - n. Let u(o) be the third derivative of v(o). Give u(-3).
7
Let z(s) = 2*s**2 - 2*s - 2. Let o be z(2). Let f(j) = -3*j - j**3 - 2*j + 2*j**3 + 1 - 7*j**2 + 4*j**o. Determine f(4).
-3
Let y(x) = -x**2. Let h(f) = 3*f**2 + 2*f - 1. Let r(n) = -h(n) - 5*y(n). What is r(2)?
5
Let m be (3 + -4)*0/(-2). Suppose m = 2*s + 3*s + 15. Let i(c) = 2*c. Determine i(s).
-6
Let q(w) = -w**3 - 8*w**2 - 7*w. Let o(i) = -i**3 - 7*i**2 - 6*i - 1. Let u(s) = -4*o(s) + 3*q(s). Give u(-3).
4
Let d(k) = 5*k - 6. Let r be 2 + (-4)/(-6)*6. Calculate d(r).
24
Let c(l) = -2*l**2 + 8*l + 6. Let x be (10/(-6))/(10/(-36)). What is c(x)?
-18
Let q(g) = 2*g + 44. Let s(n) = -n - 22. Let k(i) = 6*q(i) + 13*s(i). Calculate k(0).
-22
Let p be 0/9*2/(-4). Let n(q) = 5*q - 5. Let j(g) = 11*g - 10. Let w(m) = 4*j(m) - 9*n(m). Determine w(p).
5
Let m = 2 + 3. Let l(q) = 6*q - 2. Let w(v) = -v. Let h(x) = m*w(x) + l(x). What is h(2)?
0
Let a(f) = 0 + 8*f - 4 - 1 + 4. Determine a(1).
7
Suppose y = -4*a - 2*y - 20, -5*y - 28 = 4*a. Suppose 0 = -2*k + 2*x - 6, -k + 2 - 5 = x. Let m be k + (-2)/a - -7. Let t(i) = -i**2 + 5*i - 7. Calculate t(m).
-7
Let k(c) = -c. Let n be (84/(-49))/(2/(-7)). What is k(n)?
-6
Let j be 110/(-44)*(-16)/(-10). Let x(l) = l**3 + 3*l**2 - 2*l - 1. Determine x(j).
-9
Let o(j) be the third derivative of 0 + 1/6*j**3 + 0*j + 2*j**2 + 1/8*j**4. Determine o(2).
7
Let b(g) = -g**2 - 6*g - 5. Let z = 15 + -19. Determine b(z).
3
Let a = -10 - -24. Let u be (a/(-35))/(2/(-10)). Let n(z) = z**2 + 0*z**u - z - 2*z + z**2 + 3. Calculate n(2).
5
Let l(f) = 2*f - 5. Let p(i) = -i + 4. Let v(k) = 4*l(k) + 5*p(k). Let u = 46 - 47. Give v(u).
-3
Let f(t) be the third derivative of t**5/60 + t**4/4 + t**3/6 - t**2. Let m be 1 - (1 + 3 + 1). Calculate f(m).
-7
Let p(y) be the first derivative of 3*y**2/2 + 9*y + 5. Give p(-6).
-9
Let w = 10 - 7. Suppose -w*l + 10 + 5 = 0. Let v(f) be the third derivative of -f**6/120 + f**5/15 + f**4/4 - f**3/2 - f**2. Give v(l).
2
Let o = 7 - 11. Suppose -a + 5 = 3*n, 2*a + 7*n - 7 = 4*n. Let t(k) = k**2 + k**3 - 7*k - 5 + 4*k**a + 8*k. Give t(o).
7
Let i(q) = 2*q - 6. Let h = 9 + -8. Let d = h + 4. What is i(d)?
4
Let h(n) be the second derivative of -5/6*n**3 - 1/4*n**4 - 3/2*n**2 + 6*n + 0 + 1/20*n**5. What is h(4)?
-7
Let d(j) = -4*j + 2 + 9 - 2. Calculate d(6).
-15
Let k(t) be the first derivative of -2*t**2 - t - 5. Determine k(2).
-9
Let g(i) be the third derivative of i**5/60 + 7*i**4/24 + i**3 + 3*i**2. Let m(d) = -d**2 - 12. Let k be m(0). Let r = k - -8. Calculate g(r).
-6
Let h(z) = z**3 + 4*z**2 - 3*z + 2. Let s(v) = 3*v + 2*v**2 - 5*v + 2*v. Let w be s(3). Let g = 13 - w. Calculate h(g).
-8
Let k = 12 - 18. Let n(b) = -b - 2. Give n(k).
4
Let h(b) be the third derivative of b**6/72 + b**4/8 - b**2. Let r(j) be the second derivative of h(j). Determine r(1).
10
Let s(f) = 3*f + f - 3*f + 8. Let v(c) be the first derivative of -c**2 - 17*c - 8. Let i(b) = 9*s(b) + 4*v(b). What is i(0)?
4
Let l(q) = -29 - 6*q - 4*q**2 + 42 + q**2. Let z be 3/9 + 20/(-6). Let g(d) = -2*d**2 - 3*d + 7. Let p(t) = z*l(t) + 5*g(t). Give p(3).
-4
Suppose -20 = 5*p - 5*q, 6*q = -5*p + 2*q - 20. Suppose g - 3*c - 4 = 1, 3*c + 15 = 3*g. Let z(v) = -2*v - v**2 + 3 + g*v - 7*v. Give z(p).
3
Let m(p) be the second derivative of p**5/20 - p**4/2 + 3*p**2 - 7*p. What is m(6)?
6
Let y(h) = h**3 - 1. Let l be y(-1). Let c = 2 - l. Suppose 3 = m + c. Let p(a) = -5*a - 1. Calculate p(m).
4
Suppose -3*p - 2*p + 10 = 0. Let u(x) = -3*x**2 - x + 3. Let w(l) = -l**2 + 1. Let n(a) = 2*u(a) - 4*w(a). Calculate n(p).
-10
Let c(u) be the first derivative of -3*u**5/10 - u**4/24 - u**3/6 + u**2 - 4. Let d(b) be the second derivative of c(b). Give d(-1).
-18
Let w(j) = j - 1. Let l(s) = -3*s - 8. Let y be l(-4). Calculate w(y).
3
Let k(h) = 7*h**2 - h + 1. Let a be (-8 - -7)*(-3 - -2). Give k(a).
7
Let c be 3 + -4 + 0 + 0. Let y(f) be the third derivative of -f**4/12 - f**3/6 - 20*f**2. Determine y(c).
1
Let l be (4/(-5))/((-1)/5). Suppose -c + 3 = -x, 3*x + 3*c - 26 = -c. Let i(w) = 5*w - w + 0 + x - w**2. What is i(l)?
2
Suppose 2 = -3*b - 1. Let l = b + 2. Let k(s) = -4*s**2 - s. Determine k(l).
-5
Let p(i) = -4*i + 1. Let f(w) = -3*w + 1. Let k(t) = 3*f(t) - 2*p(t). Determine k(6).
-5
Suppose -3*c + 20 = 5. Let j(k) = k - 4*k + k + c. Let z(n) = -n + 10. Let m be z(6). Calculate j(m).
-3
Suppose 11*q - 6*q + 25 = 0. Let a(r) = -r**3 - 4*r**2 + r - 6. Calculate a(q).
14
Let r(v) be the first derivative of 2*v + 2 - 3/2*v**2. Give r(4).
-10
Let y(h) = -h**2 + 3*h + 1. Let m = -9 - -7. Let z be 15/(-9) + m/6. Let i be z - (-2 - -3)*-4. Determine y(i).
3
Let r(d) = 3*d - 8. Let c be r(6). Let i(j) = 14 - 2*j - 2 - c + 7*j. Give i(2).
12
Let j be (-2)/(-9) - 35/(-45). Let b(m) = -m**2 - m. What is b(j)?
-2
Let y(u) = -u**2 - 2. Let k be y(0). Let a = 4 + k. Let h(w) = 1 + 2*w - 3*w**a + 0 - 1 + 2. Give h(2).
-6
Suppose -4*u - 2 + 14 = 0. Suppose u*t - 6 = -h, 5*h + 7*t - 10 = 2*t. Let r(a) = a**3 + a**2. Calculate r(h).
0
Let v be -4 - ((-1)/((-4)/(-12)) + -6). Let s(y) = -y**2 + 6*y - 7. Calculate s(v).
-2
Let t = 12 + -4. Let p = 7 - t. Let s(f) = -9*f. Let v(a) = 10*a. Let h(c) = 4*s(c) + 3*v(c). Calculate h(p).
6
Suppose 2*j - j - 11 = -2*y, 4*j - 32 = -5*y. Let f(n) = 1 + n**2 + 0*n - 6*n - n + 3*n. Determine f(y).
1
Let f(y) be the first derivative of y**3/3 + y**2/2 - 3*y - 1. Suppose -3*c + 4*c - 1 = 0. Let z be (1 - 1)/(c/(-1)). What is f(z)?
-3
Let a(o) be the second derivative of 3*o**4/4 + 7*o**3/6 - o**2 - 5*o. Let f(j) = -4*j**2 - 3*j + 1. Let l(q) = 2*a(q) + 5*f(q). Give l(2).
-9
Let w(f) = f**2 + 6*f - 1. Let q be w(-5). Let c(t) = t + 4. Calculate c(q).
-2
Let m be (0/(-2))/((-4)/(-2)). Let j = m + 1. Let w(p) = 2*p - 3*p - j - 1 - 5. Give w(-6).
-1
Let z(d) = -d**3 - 5*d**2 + 5*d. Let j be z(-6). Let u = 0 + j. Let b = 12 - u. Let y(v) = -v**2 + 7*v - 4. What is y(b)?
2
Let a(g) = -9*g**3 + 6*g + 1 + 6*g**2 + 2*g**3 + 6*g**3. Give a(7).
-6
Let f(w) be the second derivative of -w**3/6 - w**2/2 + w. Suppose -25 = -0*j - 5*j. Suppose -j*o = -5*l, 13 = -4*o - 5*l + 40. Give f(o).
-4
Suppose 0 = b - 1, 3*b - 19 = -y + 5*y. Let n = y + 0. Let p(o) = -o**3 - 4*o**2 - 3*o - 4. What is p(n)?
8
Let j be 15/7 + (-3)/21. Let l(c) = -5*c + 7 + 4*c - 3. Determine l(j).
2
Let u(h) = -4*h + 5. Let c(b) = -b + 1. Let t = 5 + -4. Let x(n) = t*u(n) - 5*c(n). Give x(4).
4
Let f(t) = 6*t + 1. Suppose 5*d = -30 - 25. Let q = -12 - d. What is f(q)?
-5
Let i(n) = 4*n - 1. Let j be -4 - -1 - (-6)/3. Give i(j).
-5
Let k(m) = 3 + 5 - 9 - 8 + m. Give k(4).
-5
Let z(i) = -3 - 2 + 6 + i**2 + 4*i - 3*i**2. Calculate z(3).
-5
Let i = -2 + 3. Let q(a) = -4*a + 3*a + 2*a + i + 8. What is q(-5)?
4
Let o(i) = i**3 - 2*i**2 + 2. Suppose -4*x - 6 = -7*x. Calculate o(x).
2
Let w(c) = -c**2 - c - 9. Let d(x) = x - 16. Let i be d(16). What is w(i)?
-9
Let v(g) = g**2 - g. Suppose 0*m - 20 = -5*m. Suppose -5*a = -m*a - 3. What is v(a)?
6
Let s(k) = 2*k**2. Let t be (-4)/(-6)*30/4. Suppose 5*u - t = -5*f, 2*u - 22 = 5*f - 2*u. What is s(f)?
8
Let a(s) = 3*s - 2. Suppose -5*k + 15 = n, -3*k + 2*n = 7*n - 31. Determine a(k).
4
Let f(o) be the second derivative of -o**5/20 - o**4/6 + o**3/3 - o**2 + 9*o. Give f(-3).
1
Let i(x) = -x**3 - 4*x**2 - 4*x - 4. Let d be i(-2). Let s(g) = -g**3 - 4*g**2 + g + 3. What is s(d)?
-1
Let x(f) = f + 1 - 2*f + 7 - 9. What is x(-2)?
1
Let z(x) = -5*x + 3 - 11*x**2 + 15*x + 192*x**3 - 191*x**3. Determine z(10).
3
Let k(i) be the second derivative of -1/2*i**2 - 3*i + 1/4*i**4 - 1/20*i**5 + 1/2*i**3 + 0. Determine k(4).
-5
Let y(r) = 6*r**2 - r. Let h be 24*3*(-12)/27. Let g be 6/10 - h/(-20). Determine y(g).
7
Suppose 11 = 10*t - 9. Let d(f) = 3*f**2 - 2*f - 1. Determine d(t).
7
Suppose -68*p + 70*p = 0. Let y(o) be the third derivative of p - 1/120*o**6 - 1/10*o**5 - 7/24*o**4 + 3*o**2 + 0*o + 1/6*o**3. What is y(-5)?
11
Let x(d) = -24*d + 0 - 7 - 23*d + 49*d. What is x(5)?
3
Let n(b) = -b**3 + 6*b**2 - b + 8. Let w be n(6). Let s(p) = 3*p - p**3 + 2*p**2 - p + 2 - 4. What is s(w)?
2
Let u = -8 - -8. Let q = u + -1. Let a(k) = 7*k + 1. Determine a(q).
-6
Suppose -6*f + f = 0. Let x(z) = 5 + 8 + 1 - z + f. What is x(6)?
8
Let r